re the prime factors of 15/(-6) - (-5)/10 - n?
263
Let h = 515 + 336. Suppose x = 3*p - 0*p + h, 0 = -5*x - 2*p + 4170. List the prime factors of x.
2, 11, 19
Suppose 3*u + n - 1129 = 0, -5*n - 26 = -u + 361. Let o(x) = -6*x**2 - x + 27. Let p be o(6). Let m = p + u. What are the prime factors of m?
2, 7, 13
List the prime factors of (652802/(-152))/((-8)/6*12/192).
3, 41, 419
Let l = -632 - -3809. What are the prime factors of l?
3, 353
Suppose 58*y - 661138 - 1318460 = 0. What are the prime factors of y?
3, 31, 367
Suppose 3808 + 52 = 5*d. Let h(l) = 2*l**3 - 2*l**2 + 159*l - 156. Let m be h(1). Suppose 7*t - m*t = d. List the prime factors of t.
193
Let j(y) be the first derivative of -9*y**4/4 + 8*y**3/3 + 5*y**2 + 7*y + 81. What are the prime factors of j(-2)?
7, 13
Let f(k) = 2*k**3 + 29*k**2 - 39*k + 143. What are the prime factors of f(11)?
5, 11, 107
Let b(y) = y**3 + 12*y**2 - 17*y - 1. Let x be b(-8). Let o = x + 154. What are the prime factors of o?
5, 109
Let c be (18 - 9)*(2 - 5/3). Suppose -2*o + c = -391. What are the prime factors of o?
197
Suppose 232*u + 1992696 = 7023848. What are the prime factors of u?
2, 7, 1549
Let m = 124 + -122. List the prime factors of m/(-22) - 125150/(-275).
5, 7, 13
What are the prime factors of ((-2)/5)/(117/45) - 3184752/(-78)?
2, 3, 5, 1361
Suppose 90*p - 225*p + 3860889 = 192*p. What are the prime factors of p?
11807
Let w(i) = -30*i + 91. Let k be (2 - 1)/((-13)/65). What are the prime factors of w(k)?
241
Let f = 153 + -153. Suppose 0*b + 16*b - 12240 = f. List the prime factors of b.
3, 5, 17
Suppose 8*l = 9*l + 2. List the prime factors of 399308/390 - l/15.
2
Let y be (-6)/(-2) + -14 + -8. Let k(n) = -70*n - 14 + 34 + 35*n + 30*n + 35. What are the prime factors of k(y)?
2, 3, 5
Let d = 3031 + -1847. What are the prime factors of d?
2, 37
Let i = 51284 - -9796. List the prime factors of i.
2, 3, 5, 509
Suppose 2*p = 3 - 1. Suppose -2*n - 5*k = 289, p = -k + 4. Let l = -66 - n. List the prime factors of l.
2, 43
Suppose 0 = -4*q + 67 - 67. Suppose 2*x = 699 - 139. Suppose q = -5*m + m + x. List the prime factors of m.
2, 5, 7
Let k = 10308 + -5530. List the prime factors of k.
2, 2389
Let a(h) = -h**2 - 37*h + 23. Suppose 0 = 6*s + 61 + 71. What are the prime factors of a(s)?
353
Suppose -5*r = 0, 2*v - 6 = 2*r - 4*r. Suppose -v*z + 633 = 3*l, -z - 648 = -3*l + z. What are the prime factors of l?
2, 107
Let c(v) = 6*v**2 + 3*v - 5. Suppose 5*h - 53 + 8 = 0. Let k(m) = m**2 - 9*m - 4. Let l be k(h). List the prime factors of c(l).
79
Let o(x) be the third derivative of -x**6/120 - x**5/30 - 7*x**4/12 - 4*x**3/3 + 2*x**2 - 7. What are the prime factors of o(-7)?
5, 67
Let m = 29 - 25. Suppose 0 = m*p - 5*u - 1818 - 431, -u = p - 551. Suppose -5*a - p = -4*d, 3*d = d - 5*a + 248. What are the prime factors of d?
2, 67
Suppose -4*t + 40043 = -3*c + 12295, -34763 = -5*t - 6*c. What are the prime factors of t?
53, 131
Let v(b) = -80*b**3 + 1415*b**2 - 26*b - 1430*b**2 + 0*b. List the prime factors of v(-2).
2, 79
Suppose 0 = 4*x - 13*x - x. Let r be x/(-18) + (-2)/((-2)/1). Suppose 2*l - r - 71 = 0. List the prime factors of l.
2, 3
Let g(w) = -255*w - 447. What are the prime factors of g(-53)?
2, 3, 11
Let r(i) = 138*i + 1062. What are the prime factors of r(26)?
2, 3, 5, 31
Let v(c) = -1280*c**2 + 2*c - 2. Let k be v(1). Let x = k - -3139. What are the prime factors of x?
11, 13
Let k = 6663 + 321. List the prime factors of k.
2, 3, 97
Let x(v) = 3*v**3 - 19*v**2 + 12*v + 15. Let m be x(8). Suppose -2*u = 7*j - 3*j - 1700, -j + u = -m. List the prime factors of j.
7, 61
Suppose 5*v + 36 = 2*y, -v = -4*y + 2*v + 44. Let m(g) = -2*g + 24. Let h be m(y). Suppose -273 = h*k - 1217. What are the prime factors of k?
2, 59
Let g = -80 - -85. Suppose 0 = -g*c, 5*c - 327 = 2*p - 2511. List the prime factors of 12/15 + p/10.
2, 5, 11
Suppose 15 = 5*c, -b + 5*b = 3*c - 41. Suppose -13*x + 28730 = 28704. Let m = x - b. What are the prime factors of m?
2, 5
Let h(q) = 6*q - 93. Let b be h(8). What are the prime factors of (-44397)/b + (-18)/(-45)?
3, 7, 47
Suppose -4*m + 2*x = -0*m - 20060, x = -5*m + 25061. Suppose 7*g = -2*g + m. What are the prime factors of g?
557
Let w(f) = -f**3 - 7*f**2 - 20*f - 50. Let p be w(-5). Suppose -t = -5*y + 8092, p = -3*y - 5*t + 2581 + 2291. List the prime factors of y.
1619
Suppose -3*i + 30529 = 4*c, -3*c - 6644 = -i + 3515. List the prime factors of i.
7, 1453
Let j be (-9)/((-18)/20) + 2 + 0. What are the prime factors of (4/j - (-10)/(-12))*-62?
31
Let k = -3006 + 5357. Suppose 5*a = -w + 4046 + 1797, 0 = -2*a - 5*w + k. What are the prime factors of a?
2, 73
Let f(y) = 21*y + 85. Let h be f(13). Let m = h + -130. What are the prime factors of m?
2, 3, 19
Suppose -128615 = -16*j + 12*j - 25*j. What are the prime factors of j?
5, 887
Let k be ((4 - -4) + -1 + 1)/2. Suppose 1433 = k*p - 387. What are the prime factors of p?
5, 7, 13
Suppose -17*q + 2 = 2. List the prime factors of 6*597/9 + q.
2, 199
Let m(h) = -99*h + 17. Let x be m(-7). Let g = x + -347. What are the prime factors of g?
3, 11
Let u = 49 - 53. Let h(j) = 2*j + 10. Let p be h(u). Suppose -5*b = -2*q + 167, -p*q + 127 = 2*b + b. List the prime factors of q.
71
Let s = -8178 + 13695. What are the prime factors of s?
3, 613
Suppose 5*s = 260 + 40. List the prime factors of 3/(s/(-8)) + 524/10.
2, 13
Let k(i) = -4*i + 3. Let v(r) = -r - 1. Let p(g) = 6*k(g) + 6*v(g). List the prime factors of p(-5).
2, 3
Suppose 753 = 5*f + 263. Suppose -49*z + 1824 = -675. Let p = f - z. List the prime factors of p.
47
Suppose 4*a + 18806 = 4*f + 2014, 4*a = 3*f - 12595. Suppose -3*q + 3*c = -f, 4*q + 12*c - 5593 = 15*c. List the prime factors of q.
2, 349
Suppose -3*j = 21*j - 24. List the prime factors of 40/(-220) + (33072/33)/j.
2, 3, 167
Suppose 4*o - 5*u - 877 = 0, u + 3*u = -o + 193. Let s be (18/(-4))/(15/270). Let h = s + o. List the prime factors of h.
2, 3, 11
Let p be ((-60)/14)/((-526)/171213). Suppose -a + 12 = -17. Suppose a*f - p = 24*f. What are the prime factors of f?
3, 31
Let y(h) = -140*h**3 + 7*h**2 + 27*h - 11. List the prime factors of y(-4).
7, 1279
Let w(s) be the third derivative of s**5/12 + 5*s**4/6 - s**3/2 + s**2 - 70*s. List the prime factors of w(8).
3, 53
Suppose 0 = 5*i + 483 + 457. Let r = 104 + i. Let k = -40 - r. What are the prime factors of k?
2, 11
Let t = 131 - -24. Let j = t - 46. What are the prime factors of j?
109
List the prime factors of (4/(-6))/(2160620/720216 - 3).
2, 3, 1429
Suppose 20*n = 4*s + 21*n - 17805, -s + 2*n = -4458. What are the prime factors of s?
2, 3, 7, 53
What are the prime factors of 4 + (-242)/44 - 1/4*-255826?
5, 12791
Let z = 1098 - 1111. Suppose 424 = -3*l + 7*l. Let q = l + z. List the prime factors of q.
3, 31
Suppose -450*b = -452*b + 16. Let i(f) = 184*f + 118. What are the prime factors of i(b)?
2, 3, 5, 53
Suppose 0 = -33*z + 37*z. List the prime factors of (32 + z)*(5 - 104/32).
2, 7
Suppose 4*r = 5*k + 98379, 0 = 5*r - 4*k + 2*k - 122995. What are the prime factors of r?
73, 337
Let x(i) = -9*i - 36. Let p be x(-29). List the prime factors of 25515/p + 1/(10/6).
2, 3, 19
Let w = -82 - -84. Suppose 2*i = -w*d + 4*i - 14, 2*i = -5*d - 21. Let s(g) = -2*g**3 - g**2 + g - 17. What are the prime factors of s(d)?
7, 29
Suppose -2 = 3*q - 23, -2*q = 5*s - 113434. List the prime factors of s.
2, 53, 107
Let y = -240 + 245. Suppose -y*o + o + 740 = 2*f, -o - 4*f + 199 = 0. List the prime factors of o.
3, 61
Let z be (91 - -2)/(7/(-77)). Let a = z - -1678. List the prime factors of a.
5, 131
Suppose -2*h + o + 25 = -0*h, 4*h = 3*o + 49. Let i = 14 - h. Suppose -4*z + i = -3*z + 2*d, 3*z = -2*d + 19. What are the prime factors of z?
3
Let p = 2323 - -243. Suppose 0 = -3*x - 889 + p. List the prime factors of x.
13, 43
Let s(g) be the first derivative of g**4/4 - 14*g**3/3 - g**2/2 + 17*g + 72. What are the prime factors of s(16)?
3, 19
Suppose -8*p + 2*i = -9*p + 113, 2*i - 10 = 0. Let h = -99 + p. Let z(a) = a**2 - a. List the prime factors of z(h).
2, 3
Suppose 8 = 4*u - 6*u - 3*q, 0 = 5*u - 2*q + 58. Let k be 40*1/u*-5. Let r = 37 - k. What are the prime factors of r?
17
Suppose 0 = 3*o + 4*c - 157650, 30*o + 262750 = 35*o + 7*c. List the prim